{"id":23706,"date":"2021-06-14T16:23:29","date_gmt":"2021-10-14T08:37:42","guid":{"rendered":"https:\/\/eurostil.com.ar\/producto\/secador-profissional-neo-3800\/"},"modified":"2021-10-14T08:37:42","modified_gmt":"2021-10-14T08:37:42","slug":"secador-profissional-neo-3800","status":"publish","type":"product","link":"https:\/\/eurostil.com.ar\/pt-pt\/producto\/secador-profissional-neo-3800\/","title":{"rendered":"Secador profissional NEO 3800"},"content":{"rendered":"","protected":false},"excerpt":{"rendered":"<p>          <strong>Caracteristicas:<\/strong><\/p>\n<ul>\n<li>Peso: 590 g.<\/li>\n<li>Pot\u00eancia: 2000W<\/li>\n<li>Cabo 3 metros.<\/li>\n<li>Motor compacto de longa dura\u00e7\u00e3o (AC)<\/li>\n<li>2 velocidades \u00b7 3 temperaturas \u00b7 2 bicos.<\/li>\n<li>Bot\u00e3o de ar frio. Prote\u00e7\u00e3o t\u00e9rmica.<\/li>\n<li>Filtro amovible.<\/li>\n<\/ul>\n","protected":false},"featured_media":20862,"comment_status":"open","ping_status":"closed","template":"","meta":{"inline_featured_image":false},"product_brand":[],"product_cat":[333,334,391],"product_tag":[402,403,404],"class_list":{"0":"post-23706","1":"product","2":"type-product","3":"status-publish","4":"has-post-thumbnail","6":"product_cat-cabeleireiro-pt-pt","7":"product_cat-eletricos-peluqueria-pt-pt","8":"product_cat-secadores-pt-pt","9":"product_tag-secador-cabelo","10":"product_tag-secador-cabelo-pt-pt","11":"product_tag-secador-cabelo-eurostil","13":"first","14":"instock","15":"taxable","16":"shipping-taxable","17":"product-type-simple"},"_links":{"self":[{"href":"https:\/\/eurostil.com.ar\/pt-pt\/wp-json\/wp\/v2\/product\/23706","targetHints":{"allow":["GET"]}}],"collection":[{"href":"https:\/\/eurostil.com.ar\/pt-pt\/wp-json\/wp\/v2\/product"}],"about":[{"href":"https:\/\/eurostil.com.ar\/pt-pt\/wp-json\/wp\/v2\/types\/product"}],"replies":[{"embeddable":true,"href":"https:\/\/eurostil.com.ar\/pt-pt\/wp-json\/wp\/v2\/comments?post=23706"}],"wp:featuredmedia":[{"embeddable":true,"href":"https:\/\/eurostil.com.ar\/pt-pt\/wp-json\/wp\/v2\/media\/20862"}],"wp:attachment":[{"href":"https:\/\/eurostil.com.ar\/pt-pt\/wp-json\/wp\/v2\/media?parent=23706"}],"wp:term":[{"taxonomy":"product_brand","embeddable":true,"href":"https:\/\/eurostil.com.ar\/pt-pt\/wp-json\/wp\/v2\/product_brand?post=23706"},{"taxonomy":"product_cat","embeddable":true,"href":"https:\/\/eurostil.com.ar\/pt-pt\/wp-json\/wp\/v2\/product_cat?post=23706"},{"taxonomy":"product_tag","embeddable":true,"href":"https:\/\/eurostil.com.ar\/pt-pt\/wp-json\/wp\/v2\/product_tag?post=23706"}],"curies":[{"name":"wp","href":"https:\/\/api.w.org\/{rel}","templated":true}]}}

<p>          <strong>Caracteristicas:</strong></p>
<ul>
<li>Peso: 590 g.</li>
<li>Potência: 2000W</li>
<li>Cabo 3 metros.</li>
<li>Motor compacto de longa duração (AC)</li>
<li>2 velocidades · 3 temperaturas · 2 bicos.</li>
<li>Botão de ar frio. Proteção térmica.</li>
<li>Filtro amovible.</li>
</ul>
